on factor of 2 and q.
2
Let r = -1909 + 1963. Calculate the greatest common factor of 3294 and r.
54
Let b = -585 + 591. Let s(h) = 31*h - 125. Let k be s(b). What is the greatest common factor of 1037 and k?
61
Let y be (11514/285)/(2/65). Calculate the greatest common divisor of y and 101.
101
Let g be (16/(-44))/((-1)/22). Suppose 45 = -q + 141. Suppose 0 = y - 5*y + q. What is the highest common factor of y and g?
8
Let l(c) = 41*c**3 - 8*c**2 - 79*c + 228. Let o be l(3). What is the highest common divisor of 54 and o?
54
Let u(f) = 2*f**2 + f - 11. Let b be u(-3). Suppose -l - 2*v + 16 = l, 60 = b*l - 3*v. Suppose 4*w - l = 48. Calculate the greatest common factor of w and 5.
5
Suppose -4 = -4*b + 92. Let m be 12/(-20) - 144/(-15). Let w(i) = i**2 - 10*i + 17. Let v be w(m). What is the highest common divisor of b and v?
8
Let r = 9 - 7. Let p(d) = -r*d - 3*d - d + 55 + 2*d. Let c be p(13). Calculate the highest common factor of 1 and c.
1
Let n = -102 + 117. Let g(u) = -11*u**2 - 7*u. Let i be g(-4). Let p = i - -283. Calculate the highest common factor of n and p.
15
Suppose 8*z - 4627 = 389. What is the highest common factor of 66 and z?
33
Let d be (-76)/(-6) + 0 + 100/(-150). Let b be 2/(0 + (-2 - -4)/d). What is the highest common factor of 372 and b?
12
Let n(p) = -p**3 - p + 1. Let l(y) = -3*y**3 - 7*y**2 - 5*y - 5. Let a(u) = -l(u) + 4*n(u). Let g be a(5). Calculate the greatest common factor of g and 16.
16
Let j(q) = q**2 - 2*q - 22. Let c be j(6). Let z be 1*(-12)/(-60) - 38/(-10). What is the highest common factor of z and c?
2
Let l be (32/3)/2*(-17 + 20). Suppose -b - 2*r = -l, -71 = -5*b + 4*r + 9. Let u = -251 + 427. What is the greatest common factor of b and u?
16
Let s = 922 + -614. Suppose 0 = 2*b + 3*g + 9, 5*g = -b - 6 - 9. Suppose 11*l - 5*l - 264 = b. Calculate the greatest common factor of l and s.
44
Let i(u) = -13*u - 171. Let z be i(-13). Let t be (-1192)/(-10) + z + 70/25. Calculate the highest common factor of 80 and t.
40
Let a = 1071 - 1015. Calculate the greatest common factor of a and 35.
7
Let v = 7250 - 7232. What is the greatest common divisor of 894 and v?
6
Let o = 2129 - 2119. What is the highest common factor of 90 and o?
10
Suppose -908*u - f + 15139 = -906*u, -2*u - 5*f + 15135 = 0. What is the greatest common factor of 40 and u?
10
Suppose -3*y = -20 - 61. Suppose 14*w - 11*w = -y. Let q = 48 + w. Calculate the highest common factor of q and 65.
13
Let p = 6008 - 5147. What is the greatest common factor of 7175 and p?
287
Suppose 16*p = -25144 + 25288. Calculate the highest common factor of 1788 and p.
3
Suppose 0 = -5*o + 5, -3*u - 118 = -8*u + 2*o. Let x(b) = -b**2 + 76*b - 732. Let t be x(12). What is the highest common divisor of t and u?
12
Let n = 352 + -22. Let g(i) = 23*i - 246. Let a be g(12). Calculate the greatest common divisor of a and n.
30
Suppose -m + 121 = 45. Suppose -852 = -3*b - 5*y, 73*b - m*b + 4*y + 852 = 0. Calculate the greatest common divisor of 71 and b.
71
Let o(j) be the first derivative of j**4/4 + 11*j**3/3 + 2*j**2 + 28*j - 125. Let y be o(-10). What is the greatest common divisor of 242 and y?
22
Let z be (((-30)/(-40))/(0 + 3))/((-2)/(-168)). Calculate the greatest common factor of z and 966.
21
Let r be (-1470)/(154/22)*((-90)/(-7))/(-1). What is the highest common divisor of 1125 and r?
225
Suppose -20 = -5*c, -3*h + 3*c = -8*h - 8. Let v be (h - -7)/(6*3/24). Suppose 8 = v*u, d - 4*d - u = -38. Calculate the greatest common divisor of 24 and d.
12
Suppose -2*f + 0 = -4. Suppose d = -f*g + 4*d - 6, 3*g = -d + 13. Suppose -10 = 2*h + 5*n - 0, g*n = 3*h - 27. Calculate the highest common divisor of h and 15.
5
Suppose -15554 = 19*l - 2786. Let r be (-2)/5 + l/(-30). What is the highest common divisor of r and 154?
22
Suppose 0 = 13*x + 2*x - 2490. Let i = 579 - x. Calculate the greatest common factor of i and 7.
7
Suppose 11*o - 1120 = 882. Let i = 336 - o. Calculate the highest common factor of 44 and i.
22
Let a(r) = 2*r**2 - 2*r - 10. Let k be a(3). Suppose 0*l + 208 = k*l - j, 0 = -l - 4*j + 104. What is the highest common factor of l and 32?
8
Suppose 4*q + 5*k = 99, -30 = 8*q - 10*q + 4*k. What is the greatest common divisor of 5271 and q?
21
Let p be (2 + (-150)/(-24))/((3 - 11)/(-352)). What is the highest common factor of p and 528?
33
Suppose -6*p = -2*p + 2*f - 138, 31 = p - 3*f. Suppose p = k - 4*m, 2*k + 8*m = 5*m + 57. Calculate the greatest common factor of k and 6.
6
Let m(g) = 4*g**2 + 60*g + 208. Let i be m(-11). Calculate the highest common divisor of i and 33824.
32
Let f be 396/45*285/38. Let o be 1 + 1 + 1 + 96. What is the highest common divisor of o and f?
33
Suppose m = 4*q - 509, 0*q + 4*q - 510 = 2*m. Let b = q - 100. What is the highest common divisor of 189 and b?
27
Let d be 8/(-8)*41 + 2*1. Let b be d/(-5) - 5/150*-6. Calculate the highest common divisor of 2 and b.
2
Let v be -2 + (-4)/(-30)*5*36. Let l be v/(-10)*(-7 + -1 - 27). Calculate the greatest common divisor of 1232 and l.
77
Let z = 35897 - 30458. What is the greatest common factor of 441 and z?
147
Suppose -318*h + 290 = -294*h - 214. Suppose -455 = -10*r + 5*r. What is the greatest common divisor of r and h?
7
Let o(t) = 248*t + 1531. Let v be o(-6). What is the greatest common factor of v and 817?
43
Let c be 20004/60 - 6/15. Suppose 0 = 5*a - 2*r - c, -13*r - 280 = -4*a - 8*r. What is the highest common factor of a and 52?
13
Let x be ((-2)/(-4))/(1/1288*7). Suppose -3*o + 5*s - 209 = 0, 0 = -0*o - o - 3*s - 51. Let p = o + x. Calculate the greatest common divisor of p and 290.
29
Let v(l) = 4*l - 2. Let p be v(1). Suppose 0 = -p*o - 8*g + 3*g + 60, 4*o - g = 76. Calculate the highest common factor of 10 and o.
10
Suppose r = 1, -2*b - 3*r = -0*r - 27. Suppose 110*q - 294 = -3*y + 107*q, 0 = q - 2. What is the greatest common divisor of y and b?
12
Let f be (-45)/(-60) - ((-6)/(-20))/(12/(-1170)). Calculate the greatest common factor of f and 2652.
6
Let r = 63 - 61. Suppose k - 8 = r*x, 3*x + x = 5*k - 46. Let b = 165 + -75. Calculate the greatest common factor of b and k.
10
Let m be 560 + 0 - (1 + 2 + 0). Let v = m + -264. Let f be 1/(v/1001 + (-20)/70). What is the greatest common factor of f and 11?
11
Suppose -149 = 5*p - 724. Let j = p + -70. Calculate the greatest common factor of 72 and j.
9
Let q = 26 - 20. Let j = q - -2. Let l = -3026 - -3066. Calculate the highest common factor of j and l.
8
Suppose 49*l - 2053 + 338 = 0. Calculate the greatest common divisor of l and 25.
5
Let y = 2851 + -1692. What is the highest common divisor of y and 183?
61
Let y(v) = -54*v**2 + 1468*v - 70. Let u be y(27). Suppose -2*z + 28 = -5*r, -5*r - 1 = -21. What is the highest common factor of u and z?
8
Let k(g) = g + 157. Let p be k(-156). Calculate the highest common divisor of 1579 and p.
1
Let b be -1432*(-27)/1512 + (0 - (-12)/(-21)). Calculate the greatest common factor of 37325 and b.
25
Let c = 133 - 93. Suppose -q - 70 = -4*h + 15, -90 = -4*h + 2*q. Calculate the greatest common divisor of c and h.
20
Let a = -13422 + 13441. What is the highest common divisor of 3059 and a?
19
Let u(s) = 2*s**2 - 30*s - 329. Let f be u(25). Calculate the greatest common factor of 1083 and f.
57
Suppose -9*w + 9 = -6*w. Suppose -8*g + w*g = -3540. Suppose 4*c + 3*q - g = -q, q = c - 173. Calculate the highest common factor of c and 35.
35
Let f be (2/6)/((-524)/(-1179)) + 437/4. Let k = -77 + 165. Calculate the greatest common divisor of f and k.
22
Suppose -2*x + 247 = -5*y, -2015 = -362*x + 349*x + y. Let z be 2/(-3) + (-38)/(-3). Calculate the greatest common factor of x and z.
12
Suppose -65 = -4*c + 55. Let y = -3915 + 3940. Calculate the highest common factor of c and y.
5
Let z(g) = g**3 - 9*g**2 + 2. Let d be z(9). Let u be (-23)/(-3) + d/6. Let w be (876/16)/3 - 2/u. What is the highest common factor of w and 9?
9
Suppose -4*o = -22 - 398. Let h = 29 - 14. Calculate the greatest common factor of h and o.
15
Let t be 3/(2*(-5)/(-50)). Let h = t - 9. Suppose -5*r + h = -49. What is the greatest common factor of r and 176?
11
Suppose -2*n - 506 = -5*m, 0 = -69*m + 67*m - 3*n + 191. Calculate the highest common divisor of m and 140.
20
Let v = -1719 - -2647. What is the 